the remainder when t is divided by 39?
35
Suppose 906 = 17*t - 573. Suppose 7*v = 4*v + 72. Let u = -5 + v. What is the remainder when t is divided by u?
11
Suppose 3*l = 3*g - 114, 5*g - 188 = 232*l - 229*l. What is the remainder when 5178 is divided by g?
35
Let u be (4 - 0 - 1)*99. Let j = u + -271. Calculate the remainder when 62 is divided by j.
10
Let y(n) = n + 159. Let b be y(56). What is the remainder when 289 is divided by (86/b)/(4/290)?
28
Suppose 0 = -3*f - 3*o + 9, -14 = 12*f - 14*f + 2*o. What is the remainder when 213 is divided by f?
3
Let j(y) = -197*y + 1047. Calculate the remainder when 300 is divided by j(5).
52
Let p(w) = w**2 + 9*w + 1. Suppose -2*g - 5*c + 8*c - 12 = 0, -g - c = 11. Let i be p(g). Calculate the remainder when 4/8 - i - (-59)/2 is divided by 6.
5
Suppose -5*k + 3*p + 37 = 0, 14*k - 15*k = 2*p + 3. Suppose 10*r = k*r + 20. Calculate the remainder when ((-12)/(-3))/((-1)/(-1)) is divided by r.
0
Suppose -5*a - 20 = g, 2*a + 3*a = -25. Suppose 4*k - 3*m - 99 = k, -149 = -g*k + m. What is the remainder when (3/(-2))/(15/(-860)) is divided by k?
28
Let r(f) = 3*f**2 + 90*f - 192. What is the remainder when 893 is divided by r(-34)?
29
Let t be (-8)/(-10)*10/4. Let p(y) = y**3 - 44*y**2 - 95*y + 144. Calculate the remainder when (1 - t) + (8 - 1) is divided by p(46).
0
Let l(j) be the first derivative of -11*j**2/2 - 93*j - 50. What is the remainder when 138 is divided by l(-11)?
26
Let o(w) = 505*w**3 - 4*w**2 + 9*w - 9. What is the remainder when o(2) is divided by 337?
326
Suppose 47*x = 233 + 237. Calculate the remainder when 6/(13/21 - (-8)/(-28)) is divided by x.
8
Suppose -41*y + 96*y - 52068 = 294707. What is the remainder when y is divided by 2099?
8
Let t(g) = -5*g + 32. Let m be t(6). Suppose -5*y + 41 = -2*z - 25, -3*z = -m*y + 33. Calculate the remainder when 167 is divided by y.
11
Calculate the remainder when 3887 is divided by (74/42 - ((-119)/(-49) - 2))*18.
23
Let k(d) = -6*d - 32. Let g be k(-6). Suppose 0 = -59*i + 57*i + g. Suppose 3*a - 9 = i*a. Calculate the remainder when 14 is divided by a.
5
Let k = -885 - -1228. Calculate the remainder when k is divided by 48.
7
Let q = -3068 + 3358. Calculate the remainder when q is divided by 132.
26
Let a(f) = -2*f - 3. Let r be a(-5). Suppose -r*t = -2*t - 220. Suppose -b = -3*g + 23752 - 23764, -b = 6*g - 21. What is the remainder when t is divided by b?
14
Suppose 3193 = 68*n - 6259. What is the remainder when n is divided by 22?
7
Let v(m) = -15*m - 622. Calculate the remainder when 122 is divided by v(-45).
16
Let l = -7 - -84. Suppose l*z = 17*z + 7380. Calculate the remainder when z is divided by 27.
15
Let i(r) = r**2 + 3*r - 7. Let t be i(-5). Let l = 12 - t. Suppose -2*z + 0*z + 51 = -27. What is the remainder when z is divided by l?
3
Let c(x) = -x - 36. Suppose -2*r - r - 66 = 0. Let m be c(r). Let y(f) = -f**2 - 17*f + 9. Calculate the remainder when 99 is divided by y(m).
48
Let j = -1058 - -1071. What is the remainder when j is divided by (6/10)/((-3)/(-60))?
1
Suppose -3*p + 89 + 1 = 0. Suppose 0 = -p*d + 33*d - 78. Calculate the remainder when 102 is divided by d.
24
Let l(q) = 379*q**3 + 2*q**2 + 2*q - 3. Let c be l(1). Let w = 428 - c. What is the remainder when 382 is divided by w?
46
Suppose -40*i + 332 = -38*i. Suppose 5*b + r = 782, -2*b + 3*r + i = -b. Calculate the remainder when b is divided by 32.
29
Suppose -2378*o + 2399*o = 25893. Calculate the remainder when o is divided by 48.
33
Let m(g) = g**3 + 6*g**2 - 5*g + 6. Calculate the remainder when 251 is divided by m(0).
5
Let n(z) = 34*z + 1117. Calculate the remainder when n(-24) is divided by 13.
2
Suppose 0 = 2*q - 2*o - 4826, 3*q - 7293 + 86 = -o. What is the remainder when q is divided by 29?
27
Let u(n) = -n**3 + 2*n**2 + 3*n - 4. Calculate the remainder when (559/43 - 9)*3/6*158 is divided by u(-4).
76
Let c(v) be the third derivative of 5*v**4/12 - 4*v**3 - v**2. Let d be c(-15). Let i = d + 244. Calculate the remainder when i is divided by 8.
6
What is the remainder when 2320 is divided by 3/4*((-284)/426)/((-1)/24)?
4
Let a = 611 + -620. What is the remainder when (-2744)/(-35) + a/(-15) is divided by 27?
25
Let r = -4 + -4. What is the remainder when (-138)/(r/(16/3)) is divided by 24?
20
Suppose 134*l - 185 = 133*l + 2*b, l = -3*b + 225. Let r(j) = -j**2 + 6*j + 3. Calculate the remainder when l is divided by r(3).
9
Suppose 87*c - 5*c + 29*c - 5439 = 0. What is the remainder when c is divided by 13?
10
Calculate the remainder when 2/(2 - (-78)/(-40)) is divided by (-1376)/112 + 12 - 65/(-7).
4
Let w = 6408 - 6002. Let n = -7 - -24. What is the remainder when w is divided by n?
15
What is the remainder when (-56)/10*50/(-20) is divided by -2*(50/(-75))/(1/3)?
2
What is the remainder when ((-52)/26 - 203)*1/(10/(-8)) is divided by 83?
81
Suppose -139 + 39 = -5*t. Let c be 7*(96/28 - 2). Calculate the remainder when 45 is divided by c/t*8*2.
5
Let z(j) = -21*j - 46. Let k be (-5 - -3 - 0)/(4/6). Suppose 295 = 5*o - 5*x, o + 5*x = -2*o + 185. What is the remainder when o is divided by z(k)?
9
Suppose -4*b - 5*d + 33 = 0, 2*b - 16 = -2*d - 0. Suppose -135 = 2*l - b*l + 3*i, 0 = 5*i. Calculate the remainder when 240 is divided by l.
24
Suppose -5 = -5*i + 4*b + 235, 3*i - 3*b = 147. Suppose 0 = -3*m - 11*m + 952. Let k = m - i. What is the remainder when 95 is divided by k?
23
Let y = -13311 + 13489. Calculate the remainder when 825 is divided by y.
113
Let k = -13 - -20. Suppose -4*n + 5*z = -201, -n + k + 32 = z. What is the remainder when n is divided by 24 + 0/(-4) + 0?
20
Suppose -h = 2*i - 4, i - 4*h + 537 = 548. Let x = -1 - -1. Calculate the remainder when 29 + (-2 - x/i) is divided by 14.
13
Let u(d) = -90*d**3 + 3*d**2 - 1. Calculate the remainder when 242 is divided by u(-1).
58
Let m(x) = -x**3 - 10*x**2 + 32*x + 71. Let h be m(-13). What is the remainder when ((-1)/(-2))/(3/h) is divided by 15?
12
Suppose -399*v = 5*a - 400*v - 10139, -a - 3*v + 2031 = 0. Calculate the remainder when a is divided by 203.
201
Suppose -373*i - 10043 = -290*i. Let w = 132 + -227. Let l = w - i. Calculate the remainder when 37 is divided by l.
11
Suppose 0 = -5*v + 4*h + 7 + 33, -v + h + 8 = 0. Suppose 4*c + 72 = v*c. Let s(r) = 11*r + 12. What is the remainder when s(7) is divided by c?
17
Suppose -5*r + 601 = -284. What is the remainder when r is divided by 31?
22
Suppose -4*p + 115*b = 113*b - 362, p + 4*b = 59. What is the remainder when p is divided by 13?
9
Let j be (-10)/25*-8 - (-12)/15. Let n(g) = 7*g**2 - 3*g - 18. What is the remainder when n(j) is divided by 5?
2
Let o(v) = 3*v**2 - 79*v - 1202. Calculate the remainder when o(-13) is divided by 109.
5
Suppose -36*q - q + 1480 = 0. Calculate the remainder when 49 is divided by -14 + q + -3*(-4)/(-3).
5
Suppose 3*n + 3*p = n + 25, 0 = -5*n + 4*p + 5. Let r(o) = 7*o. Let q = -3463 + 3705. Calculate the remainder when q is divided by r(n).
32
Suppose -v - x - 3*x + 221 = 0, 2*v - 451 = x. Suppose t - 54 - 40 = -5*n, -4*n = -3*t + v. What is the remainder when t is divided by (-4)/10 + 656/40?
15
Let l(i) = -3*i + 8. Let m be l(0). Suppose 9*t + t = 730. What is the remainder when t is divided by -5*(-4)/m*6?
13
Let t(d) = 2*d**3 + 2*d**2 - 5*d + 2. Calculate the remainder when t(3) is divided by -1*3 + 102339/2877 - 9/(-21).
26
Let x = -696 + 723. Calculate the remainder when 2/(-9) - 1433/(-9) is divided by x.
24
Let s = 211 + 83. Suppose 5*l - 419 = -s. Calculate the remainder when 87 is divided by l.
12
Suppose 0 = -4*y - 4*t - 25 + 137, y + 4*t - 28 = 0. Let j be 270240/168 + 8/(-14). Calculate the remainder when (-6)/14 + j/y is divided by 15.
12
Let x(k) = 4*k**2 - 3*k - 21. Let m be x(-5). Let i = m + -22. What is the remainder when i is divided by 38?
34
Let k = 32 + -2. Suppose -2*t = 3*p - 284, 3*t - 280 = -3*p - t. What is the remainder when p is divided by k?
6
Suppose 82*w + 91*w - 125496 = 65*w. What is the remainder when w is divided by 331?
169
Let a be (-4)/8 - (-664)/16. Let b = 95 - a. What is the remainder when b is divided by 20?
14
Suppose 13*v - 1233 = 2316. Let d = v - 238. Calculate the remainder when 173 is divided by d.
33
Let j(m) = 117*m + 373. Calculate the remainder when j(16)